 of 36 and 3284?
4
What is the greatest common factor of 543 and 27?
3
What is the highest common factor of 14 and 406?
14
Calculate the greatest common divisor of 1035 and 585.
45
What is the greatest common divisor of 33 and 5?
1
What is the greatest common divisor of 54 and 4779?
27
Calculate the greatest common divisor of 7 and 175.
7
What is the highest common factor of 99 and 803?
11
Calculate the highest common divisor of 4978 and 228.
38
Calculate the highest common factor of 36 and 2084.
4
Calculate the highest common factor of 125 and 4625.
125
What is the greatest common divisor of 108 and 828?
36
What is the highest common divisor of 741 and 13?
13
What is the highest common factor of 96 and 276?
12
Calculate the highest common factor of 64 and 2624.
64
What is the greatest common divisor of 3807 and 188?
47
What is the greatest common factor of 221 and 13?
13
Calculate the highest common divisor of 14 and 189.
7
Calculate the greatest common factor of 629 and 17.
17
Calculate the highest common factor of 18 and 351.
9
What is the highest common divisor of 1302 and 3318?
42
What is the greatest common divisor of 1441 and 77?
11
What is the highest common divisor of 38 and 266?
38
What is the highest common factor of 15 and 84?
3
What is the greatest common divisor of 82 and 451?
41
Calculate the highest common divisor of 36 and 333.
9
Calculate the highest common divisor of 13 and 2041.
13
What is the highest common divisor of 1886 and 287?
41
What is the greatest common factor of 6 and 258?
6
What is the greatest common factor of 33135 and 45?
15
Calculate the greatest common factor of 11 and 1672.
11
What is the greatest common factor of 416 and 52?
52
Calculate the greatest common divisor of 232 and 1102.
58
Calculate the greatest common factor of 4 and 197.
1
Calculate the highest common divisor of 6050 and 50.
50
Calculate the highest common divisor of 664 and 3818.
166
What is the highest common factor of 9854 and 260?
26
Calculate the highest common factor of 14 and 938.
14
Calculate the greatest common factor of 1152 and 25632.
288
What is the greatest common factor of 3128 and 680?
136
What is the highest common divisor of 108 and 54?
54
Calculate the greatest common factor of 609 and 1050.
21
Calculate the highest common divisor of 5978 and 98.
98
Calculate the greatest common divisor of 40 and 48.
8
What is the highest common factor of 165 and 66?
33
What is the greatest common divisor of 70 and 470?
10
What is the highest common factor of 602 and 817?
43
Calculate the greatest common factor of 111 and 121878.
111
What is the highest common divisor of 407 and 22?
11
Calculate the highest common factor of 66 and 1012.
22
Calculate the highest common divisor of 209 and 133.
19
What is the greatest common factor of 65 and 3523?
13
Calculate the greatest common factor of 1280 and 16.
16
Calculate the greatest common divisor of 320 and 2620.
20
Calculate the highest common factor of 207 and 45.
9
Calculate the highest common divisor of 19 and 50236.
19
Calculate the greatest common factor of 31179 and 76.
19
Calculate the greatest common factor of 32 and 6.
2
What is the greatest common factor of 67 and 6767?
67
Calculate the greatest common divisor of 6 and 118.
2
Calculate the greatest common factor of 266 and 494.
38
What is the greatest common divisor of 54 and 126?
18
Calculate the highest common divisor of 37 and 296.
37
Calculate the greatest common factor of 20 and 180.
20
What is the highest common divisor of 1232 and 880?
176
What is the greatest common factor of 1077 and 3?
3
What is the highest common divisor of 27 and 111?
3
What is the highest common divisor of 2346 and 153?
51
Calculate the greatest common divisor of 5 and 39665.
5
Calculate the highest common factor of 112 and 5348.
28
Calculate the greatest common divisor of 1 and 18.
1
What is the greatest common factor of 256 and 224?
32
Calculate the greatest common factor of 253 and 46.
23
Calculate the greatest common divisor of 102 and 66.
6
What is the greatest common factor of 2282 and 322?
14
What is the highest common divisor of 74 and 851?
37
What is the highest common divisor of 34 and 578?
34
Calculate the greatest common factor of 1634 and 475.
19
Calculate the highest common factor of 144 and 228.
12
What is the greatest common factor of 68 and 374?
34
Calculate the highest common divisor of 12 and 1014.
6
Calculate the highest common factor of 1475 and 25.
25
Calculate the highest common divisor of 108 and 164.
4
Calculate the greatest common factor of 18867 and 57.
57
Calculate the highest common factor of 7 and 77.
7
Calculate the greatest common factor of 1290 and 585.
15
What is the greatest common factor of 27 and 756?
27
What is the highest common factor of 14 and 126?
14
Calculate the greatest common factor of 14 and 12866.
14
What is the highest common divisor of 605 and 121?
121
What is the highest common divisor of 531 and 9?
9
What is the highest common divisor of 51 and 527?
17
Calculate the highest common factor of 448 and 42.
14
What is the highest common divisor of 36 and 468?
36
Calculate the greatest common factor of 7276 and 136.
68
Calculate the greatest common divisor of 2910 and 162.
6
What is the greatest common factor of 189 and 108?
27
Calculate the highest common divisor of 15910 and 555.
185
What is the highest common factor of 24 and 258?
6
What is the highest common factor of 350 and 400?
50
Calculate the greatest common factor of 871 and 403.
13
Calculate the greatest common factor of 53 and 1431.
53
What is the highest common factor of 3 and 33?
3
What is the greatest common divisor of 31 and 153233?
31
Calculate the greatest common divisor of 24 and 5592.
24
What is the highest common factor of 20 and 1600?
20
What is the highest common divisor of 18 and 24?
6
Calculate the highest common factor of 280 and 105.
35
Calculate the greatest common factor of 7420 and 112.
28
What is the highest common divisor of 369 and 27?
9
Calculate the greatest common factor of 627 and 2717.
209
Calculate the highest common divisor of 7 and 1148.
7
What is the greatest common divisor of 2346 and 238?
34
What is the greatest common factor of 462 and 3192?
42
Calculate the highest common divisor of 80 and 16.
16
What is the highest common factor of 1674 and 124?
62
Calculate the highest common factor of 75 and 2175.
75
Calculate the highest common factor of 275 and 55.
55
Calculate the highest common divisor of 14 and 959.
7
Calculate the highest common divisor of 375 and 150.
75
Calculate the highest common factor of 462 and 132.
66
What is the greatest common factor of 106 and 13886?
106
Calculate the greatest common factor of 82 and 12.
2
What is the greatest common factor of 159 and 53?
53
What is the greatest common factor of 17880 and 48?
24
Calculate the highest common divisor of 3478 and 74.
74
Calculate the highest common factor of 242 and 66.
22
Calculate the highest common factor of 289 and 221.
17
Calculate the highest common factor of 48 and 114.
6
Calculate the highest common divisor of 104 and 78.
26
What is the greatest common factor of 671 and 8174?
61
Calculate the highest common divisor of 6 and 258.
6
Calculate the greatest common divisor of 632 and 80.
8
Calculate the greatest common factor of 43 and 1.
1
What is the highest common divisor of 7 and 77?
7
What is the greatest common factor of 285 and 418?
19
Calculate the highest common factor of 48 and 12.
12
What is the highest common divisor of 37 and 259?
37
What is the greatest common divisor of 1300 and 40?
20
Calculate the highest common factor of 360 and 1390.
10
Calculate the highest common factor of 3774 and 102.
102
Calculate the highest common divisor of 126 and 6657.
21
What is the highest common factor of 133 and 76?
19
What is the highest common divisor of 225 and 2325?
75
Calculate the highest common factor of 46 and 12926.
46
Calculate the highest common factor of 15 and 12.
3
Calculate the greatest common divisor of 23 and 3749.
23
Calculate the greatest common divisor of 73 and 2701.
73
Calculate the greatest common divisor of 9 and 45.
9
Calculate the greatest common factor of 12747 and 42.
21
What is the highest common factor of 22 and 1